{"id":166,"date":"2026-03-19T19:31:13","date_gmt":"2026-03-19T19:31:13","guid":{"rendered":"https:\/\/www.communicexpo.fr\/?page_id=166"},"modified":"2026-04-16T11:29:51","modified_gmt":"2026-04-16T10:29:51","slug":"presentation","status":"publish","type":"page","link":"https:\/\/www.communicexpo.fr\/en\/presentation\/","title":{"rendered":"About"},"content":{"rendered":"<div data-elementor-type=\"wp-page\" data-elementor-id=\"166\" class=\"elementor elementor-166\">\n\t\t\t\t<div class=\"elementor-element elementor-element-36d9076 e-flex e-con-boxed e-con e-parent\" data-id=\"36d9076\" data-element_type=\"container\" data-e-type=\"container\">\n\t\t\t\t\t<div class=\"e-con-inner\">\n\t\t<div class=\"elementor-element elementor-element-8272597 e-con-full e-flex e-con e-child\" data-id=\"8272597\" data-element_type=\"container\" data-e-type=\"container\">\n\t\t\t\t<div class=\"elementor-element elementor-element-f7fa913 elementor-widget elementor-widget-spacer\" data-id=\"f7fa913\" data-element_type=\"widget\" data-e-type=\"widget\" data-widget_type=\"spacer.default\">\n\t\t\t\t\t\t\t<div class=\"elementor-spacer\">\n\t\t\t<div class=\"elementor-spacer-inner\"><\/div>\n\t\t<\/div>\n\t\t\t\t\t\t<\/div>\n\t\t\t\t<\/div>\n\t\t<div class=\"elementor-element elementor-element-011553a e-con-full e-flex e-con e-child\" data-id=\"011553a\" data-element_type=\"container\" data-e-type=\"container\">\n\t\t\t\t<div class=\"elementor-element elementor-element-16852c0 elementor-widget elementor-widget-text-editor\" data-id=\"16852c0\" data-element_type=\"widget\" data-e-type=\"widget\" id=\"standiste\" data-widget_type=\"text-editor.default\">\n\t\t\t\t\t\t\t\t\t<h3><strong><em>Your Booth Builder in Rennes<\/em><\/strong><\/h3><p class=\"translation-block\"><strong>\u00a0 \u00a0 \u00a0 \u00a0 \u00a0 \u00a0 \u00a0 \u00a0Communic Expo<\/strong> guides you through the often complex process of organizing an exhibition (trade show or fair)<\/p><p class=\"translation-block\">Your <strong>stand designer<\/strong> is there from the very beginning to help design your booth based on:<\/p><ul><li>your needs<\/li><li>your budget<\/li><li>and your vision for your exhibition space\u00a0<\/li><\/ul><p>We respect your ideas, your preferences, and your brand guidelines while offering various options, as we have a thorough understanding of the constraints of a trade show.<\/p><p>We even guide you through the details that matter, such as the choice of furniture, whether to include screens, and even the optimized layout of the storage area.<\/p><p>That\u2019s when we move on to manufacturing in our 1,000-square-meter workshop. Once that part is finished, we move on to preparation\u2014the final step before the big event!<\/p><p>Once the stand is assembled, we\u2019re there to hand it over to you, available for any last-minute requests that can sometimes make your life easier during those few days at the trade show.<\/p><p class=\"translation-block\">And we return for dismantling, packing up your <strong>stand<\/strong> for storage until the next time it\u2019s needed.<\/p>\t\t\t\t\t\t\t\t<\/div>\n\t\t\t\t<\/div>\n\t\t<div class=\"elementor-element elementor-element-5d2b87c e-con-full e-flex e-con e-child\" data-id=\"5d2b87c\" data-element_type=\"container\" data-e-type=\"container\">\n\t\t\t\t<div class=\"elementor-element elementor-element-45e8d28 elementor-widget elementor-widget-image\" data-id=\"45e8d28\" data-element_type=\"widget\" data-e-type=\"widget\" data-widget_type=\"image.default\">\n\t\t\t\t\t\t\t\t\t\t\t\t\t\t\t<img fetchpriority=\"high\" decoding=\"async\" width=\"768\" height=\"1024\" src=\"https:\/\/www.communicexpo.fr\/wp-content\/uploads\/2026\/04\/IMG_2670-768x1024.jpeg\" class=\"attachment-large size-large wp-image-345\" alt=\"\" srcset=\"https:\/\/www.communicexpo.fr\/wp-content\/uploads\/2026\/04\/IMG_2670-768x1024.jpeg 768w, https:\/\/www.communicexpo.fr\/wp-content\/uploads\/2026\/04\/IMG_2670-225x300.jpeg 225w, https:\/\/www.communicexpo.fr\/wp-content\/uploads\/2026\/04\/IMG_2670-2000x2667.jpeg 2000w, https:\/\/www.communicexpo.fr\/wp-content\/uploads\/2026\/04\/IMG_2670-scaled-1152x1536.jpeg 1152w, https:\/\/www.communicexpo.fr\/wp-content\/uploads\/2026\/04\/IMG_2670-scaled-1536x2048.jpeg 1536w, https:\/\/www.communicexpo.fr\/wp-content\/uploads\/2026\/04\/IMG_2670-scaled-9x12.jpeg 9w, https:\/\/www.communicexpo.fr\/wp-content\/uploads\/2026\/04\/IMG_2670-scaled-600x800.jpeg 600w, https:\/\/www.communicexpo.fr\/wp-content\/uploads\/2026\/04\/IMG_2670-scaled-1200x1600.jpeg 1200w, https:\/\/www.communicexpo.fr\/wp-content\/uploads\/2026\/04\/IMG_2670-scaled.jpeg 1920w\" sizes=\"100vw\" \/>\t\t\t\t\t\t\t\t\t\t\t\t\t\t\t<\/div>\n\t\t\t\t<div class=\"elementor-element elementor-element-5e19ca6 elementor-widget elementor-widget-image\" data-id=\"5e19ca6\" data-element_type=\"widget\" data-e-type=\"widget\" data-widget_type=\"image.default\">\n\t\t\t\t\t\t\t\t\t\t\t\t\t\t\t<img decoding=\"async\" width=\"768\" height=\"1024\" src=\"https:\/\/www.communicexpo.fr\/wp-content\/uploads\/2026\/04\/IMG_2671-768x1024.jpeg\" class=\"attachment-large size-large wp-image-344\" alt=\"\" srcset=\"https:\/\/www.communicexpo.fr\/wp-content\/uploads\/2026\/04\/IMG_2671-768x1024.jpeg 768w, https:\/\/www.communicexpo.fr\/wp-content\/uploads\/2026\/04\/IMG_2671-225x300.jpeg 225w, https:\/\/www.communicexpo.fr\/wp-content\/uploads\/2026\/04\/IMG_2671-2000x2667.jpeg 2000w, https:\/\/www.communicexpo.fr\/wp-content\/uploads\/2026\/04\/IMG_2671-scaled-1152x1536.jpeg 1152w, https:\/\/www.communicexpo.fr\/wp-content\/uploads\/2026\/04\/IMG_2671-scaled-1536x2048.jpeg 1536w, https:\/\/www.communicexpo.fr\/wp-content\/uploads\/2026\/04\/IMG_2671-scaled-9x12.jpeg 9w, https:\/\/www.communicexpo.fr\/wp-content\/uploads\/2026\/04\/IMG_2671-scaled-600x800.jpeg 600w, https:\/\/www.communicexpo.fr\/wp-content\/uploads\/2026\/04\/IMG_2671-scaled-1200x1600.jpeg 1200w, https:\/\/www.communicexpo.fr\/wp-content\/uploads\/2026\/04\/IMG_2671-scaled.jpeg 1920w\" sizes=\"100vw\" \/>\t\t\t\t\t\t\t\t\t\t\t\t\t\t\t<\/div>\n\t\t\t\t<\/div>\n\t\t<div class=\"elementor-element elementor-element-f03dbc3 e-con-full e-flex e-con e-child\" data-id=\"f03dbc3\" data-element_type=\"container\" data-e-type=\"container\">\n\t\t\t\t<div class=\"elementor-element elementor-element-5aaf971 elementor-widget elementor-widget-image\" data-id=\"5aaf971\" data-element_type=\"widget\" data-e-type=\"widget\" data-widget_type=\"image.default\">\n\t\t\t\t\t\t\t\t\t\t\t\t\t\t\t<img decoding=\"async\" width=\"950\" height=\"806\" src=\"https:\/\/www.communicexpo.fr\/wp-content\/uploads\/2026\/04\/photo-des-gars-1024x869.png\" class=\"attachment-large size-large wp-image-342\" alt=\"\" srcset=\"https:\/\/www.communicexpo.fr\/wp-content\/uploads\/2026\/04\/photo-des-gars-1024x869.png 1024w, https:\/\/www.communicexpo.fr\/wp-content\/uploads\/2026\/04\/photo-des-gars-300x255.png 300w, https:\/\/www.communicexpo.fr\/wp-content\/uploads\/2026\/04\/photo-des-gars-1536x1304.png 1536w, https:\/\/www.communicexpo.fr\/wp-content\/uploads\/2026\/04\/photo-des-gars-14x12.png 14w, https:\/\/www.communicexpo.fr\/wp-content\/uploads\/2026\/04\/photo-des-gars-600x509.png 600w, https:\/\/www.communicexpo.fr\/wp-content\/uploads\/2026\/04\/photo-des-gars-1200x1019.png 1200w, https:\/\/www.communicexpo.fr\/wp-content\/uploads\/2026\/04\/photo-des-gars.png 1808w\" sizes=\"100vw\" \/>\t\t\t\t\t\t\t\t\t\t\t\t\t\t\t<\/div>\n\t\t\t\t<\/div>\n\t\t<div class=\"elementor-element elementor-element-b43da95 e-con-full e-flex e-con e-child\" data-id=\"b43da95\" data-element_type=\"container\" data-e-type=\"container\">\n\t\t\t\t<div class=\"elementor-element elementor-element-00ab1d5 elementor-widget elementor-widget-text-editor\" data-id=\"00ab1d5\" data-element_type=\"widget\" data-e-type=\"widget\" id=\"experience\" data-widget_type=\"text-editor.default\">\n\t\t\t\t\t\t\t\t\t<h2 class=\"translation-block\"><em><strong>Our<\/strong><strong> Experience<\/strong><\/em><\/h2><p class=\"translation-block\"><strong>Communic Expo<\/strong>, a trade show <strong>booth design company<\/strong> based in Rennes, was founded in 1998 by Pierre Chantrel.<\/p><p class=\"translation-block\">Taking over the business in 2016, <strong>Jean-Michel and Martin<\/strong> gained experience working as employees in the trade show booth industry and developed expertise in several related fields.<\/p><p>(Carpentry, theater and film set design, interior design)<\/p><p class=\"translation-block\">We are also skilled in <strong>3D software<\/strong>, allowing us to provide you with 3D renderings that will help you better visualize your project.<\/p><p>Throughout our professional careers, we have come to realize that every idea matters.<\/p><p>We also understand the unique atmosphere of trade shows, so we are here to help you navigate this specific environment.<\/p>\t\t\t\t\t\t\t\t<\/div>\n\t\t\t\t<\/div>\n\t\t<div class=\"elementor-element elementor-element-617f260 e-con-full e-flex e-con e-child\" data-id=\"617f260\" data-element_type=\"container\" data-e-type=\"container\">\n\t\t\t\t<div class=\"elementor-element elementor-element-fff081c elementor-widget elementor-widget-text-editor\" data-id=\"fff081c\" data-element_type=\"widget\" data-e-type=\"widget\" id=\"savoir-faire\" data-widget_type=\"text-editor.default\">\n\t\t\t\t\t\t\t\t\t<h3><em><strong>Our Expertise<\/strong><\/em><\/h3><p class=\"translation-block\">As experts in the exhibition stand business, we know we can\u2019t do everything on our own\u2014so we surround ourselves with the right partners: graphic designers, printers, digital cutters, and even brewers!<\/p><p>We always work with local partners for greater speed and reliability.<\/p><p class=\"translation-block\">We make it a point of honor not to throw away anything that could be reused or repurposed; there\u2019s no waste at <strong>Communic Expo<\/strong>!<\/p><p>We also strive to optimize every different technique related to our business and don\u2019t limit ourselves to what we already know, staying attentive to all innovations.<\/p>\t\t\t\t\t\t\t\t<\/div>\n\t\t\t\t<\/div>\n\t\t<div class=\"elementor-element elementor-element-300e485 e-con-full e-flex e-con e-child\" data-id=\"300e485\" data-element_type=\"container\" data-e-type=\"container\">\n\t\t\t\t<div class=\"elementor-element elementor-element-3881768 elementor-widget elementor-widget-image\" data-id=\"3881768\" data-element_type=\"widget\" data-e-type=\"widget\" data-widget_type=\"image.default\">\n\t\t\t\t\t\t\t\t\t\t\t\t\t\t\t<img loading=\"lazy\" decoding=\"async\" width=\"768\" height=\"1024\" src=\"https:\/\/www.communicexpo.fr\/wp-content\/uploads\/2026\/04\/73148938357__DCD37E3E-DBC8-41BB-8D5B-C5D1B3661E80-1-768x1024.jpeg\" class=\"attachment-large size-large wp-image-346\" alt=\"\" srcset=\"https:\/\/www.communicexpo.fr\/wp-content\/uploads\/2026\/04\/73148938357__DCD37E3E-DBC8-41BB-8D5B-C5D1B3661E80-1-768x1024.jpeg 768w, https:\/\/www.communicexpo.fr\/wp-content\/uploads\/2026\/04\/73148938357__DCD37E3E-DBC8-41BB-8D5B-C5D1B3661E80-1-225x300.jpeg 225w, https:\/\/www.communicexpo.fr\/wp-content\/uploads\/2026\/04\/73148938357__DCD37E3E-DBC8-41BB-8D5B-C5D1B3661E80-1-2000x2667.jpeg 2000w, https:\/\/www.communicexpo.fr\/wp-content\/uploads\/2026\/04\/73148938357__DCD37E3E-DBC8-41BB-8D5B-C5D1B3661E80-1-scaled-1152x1536.jpeg 1152w, https:\/\/www.communicexpo.fr\/wp-content\/uploads\/2026\/04\/73148938357__DCD37E3E-DBC8-41BB-8D5B-C5D1B3661E80-1-scaled-1536x2048.jpeg 1536w, https:\/\/www.communicexpo.fr\/wp-content\/uploads\/2026\/04\/73148938357__DCD37E3E-DBC8-41BB-8D5B-C5D1B3661E80-1-scaled-9x12.jpeg 9w, https:\/\/www.communicexpo.fr\/wp-content\/uploads\/2026\/04\/73148938357__DCD37E3E-DBC8-41BB-8D5B-C5D1B3661E80-1-scaled-600x800.jpeg 600w, https:\/\/www.communicexpo.fr\/wp-content\/uploads\/2026\/04\/73148938357__DCD37E3E-DBC8-41BB-8D5B-C5D1B3661E80-1-scaled-1200x1600.jpeg 1200w, https:\/\/www.communicexpo.fr\/wp-content\/uploads\/2026\/04\/73148938357__DCD37E3E-DBC8-41BB-8D5B-C5D1B3661E80-1-scaled.jpeg 1920w\" sizes=\"100vw\" \/>\t\t\t\t\t\t\t\t\t\t\t\t\t\t\t<\/div>\n\t\t\t\t<\/div>\n\t\t\t\t\t<\/div>\n\t\t\t\t<\/div>\n\t\t\t\t<\/div>","protected":false},"excerpt":{"rendered":"<p>Votre Standiste \u00e0 Rennes \u00a0 \u00a0 \u00a0 \u00a0 \u00a0 \u00a0 \u00a0 \u00a0Communic expo vous accompagne sur tout le processus parfois compliqu\u00e9 d\u2019une exposition (foire ou salon) Votre Standiste est l\u00e0 d\u00e8s le d\u00e9but pour la conception du stand selon : vos besoins votre budget et votre vision de ce que sera votre espace de communication\u00a0 &hellip; <\/p>\n<p class=\"link-more\"><a href=\"https:\/\/www.communicexpo.fr\/en\/presentation\/\" class=\"more-link\">Read more<span class=\"screen-reader-text\"> \u00ab\u00a0Pr\u00e9sentation\u00a0\u00bb<\/span><\/a><\/p>","protected":false},"author":1,"featured_media":0,"parent":0,"menu_order":0,"comment_status":"closed","ping_status":"closed","template":"page-templates\/full-width-no-title.php","meta":{"inspiro_hide_title":false,"footnotes":""},"class_list":["post-166","page","type-page","status-publish","hentry"],"featured_media_urls":[],"_links":{"self":[{"href":"https:\/\/www.communicexpo.fr\/en\/wp-json\/wp\/v2\/pages\/166","targetHints":{"allow":["GET"]}}],"collection":[{"href":"https:\/\/www.communicexpo.fr\/en\/wp-json\/wp\/v2\/pages"}],"about":[{"href":"https:\/\/www.communicexpo.fr\/en\/wp-json\/wp\/v2\/types\/page"}],"author":[{"embeddable":true,"href":"https:\/\/www.communicexpo.fr\/en\/wp-json\/wp\/v2\/users\/1"}],"replies":[{"embeddable":true,"href":"https:\/\/www.communicexpo.fr\/en\/wp-json\/wp\/v2\/comments?post=166"}],"version-history":[{"count":45,"href":"https:\/\/www.communicexpo.fr\/en\/wp-json\/wp\/v2\/pages\/166\/revisions"}],"predecessor-version":[{"id":422,"href":"https:\/\/www.communicexpo.fr\/en\/wp-json\/wp\/v2\/pages\/166\/revisions\/422"}],"wp:attachment":[{"href":"https:\/\/www.communicexpo.fr\/en\/wp-json\/wp\/v2\/media?parent=166"}],"curies":[{"name":"wp","href":"https:\/\/api.w.org\/{rel}","templated":true}]}}

<p>Votre Standiste à Rennes                Communic expo vous accompagne sur tout le processus parfois compliqué d’une exposition (foire ou salon) Votre Standiste est là dès le début pour la conception du stand selon : vos besoins votre budget et votre vision de ce que sera votre espace de communication  &hellip; </p>
<p class="link-more"><a href="https://www.communicexpo.fr/en/presentation/" class="more-link">Read more<span class="screen-reader-text"> « Présentation »</span></a></p>
